st common divisor of 187 and 11033.
187
Calculate the highest common factor of 65 and 403.
13
What is the highest common divisor of 736 and 23?
23
What is the greatest common factor of 28 and 910?
14
What is the highest common divisor of 26 and 351?
13
What is the highest common factor of 675 and 1600?
25
Calculate the highest common factor of 816 and 11220.
204
What is the greatest common divisor of 2152 and 8?
8
Calculate the greatest common factor of 20 and 10.
10
Calculate the greatest common factor of 65 and 104.
13
What is the highest common divisor of 964 and 33499?
241
Calculate the highest common divisor of 112 and 32.
16
What is the greatest common factor of 128 and 48?
16
Calculate the greatest common factor of 39 and 9.
3
What is the highest common divisor of 32 and 104?
8
Calculate the greatest common divisor of 70 and 182.
14
Calculate the greatest common factor of 1271 and 82.
41
Calculate the greatest common factor of 9325 and 50.
25
What is the highest common divisor of 220 and 180?
20
What is the greatest common factor of 9775 and 340?
85
Calculate the greatest common divisor of 215 and 5.
5
What is the highest common divisor of 13589 and 127?
127
Calculate the greatest common divisor of 2794 and 88.
22
Calculate the highest common divisor of 14 and 294.
14
Calculate the highest common factor of 16 and 1144.
8
What is the greatest common factor of 980 and 1568?
196
What is the highest common factor of 1320 and 1920?
120
Calculate the greatest common divisor of 408 and 6732.
204
What is the highest common divisor of 40 and 520?
40
Calculate the greatest common factor of 471 and 9.
3
Calculate the highest common factor of 8229 and 39.
39
Calculate the highest common factor of 324 and 225.
9
What is the greatest common factor of 108 and 18549?
27
Calculate the highest common factor of 204 and 1956.
12
Calculate the greatest common factor of 75 and 2750.
25
What is the greatest common divisor of 710 and 10?
10
Calculate the greatest common factor of 44 and 16.
4
Calculate the highest common factor of 1946 and 42.
14
What is the highest common factor of 513 and 7353?
171
Calculate the highest common factor of 375 and 17925.
75
What is the greatest common divisor of 44 and 121?
11
Calculate the highest common divisor of 216 and 1800.
72
Calculate the highest common divisor of 12 and 1866.
6
What is the greatest common divisor of 22547 and 7?
7
Calculate the highest common divisor of 26429 and 741.
247
What is the greatest common factor of 12 and 6564?
12
What is the highest common factor of 231 and 99?
33
Calculate the greatest common divisor of 814 and 37.
37
What is the highest common divisor of 75 and 3?
3
What is the highest common divisor of 116 and 203?
29
Calculate the greatest common divisor of 35 and 5.
5
Calculate the highest common divisor of 5694 and 156.
78
Calculate the highest common factor of 819 and 3393.
117
Calculate the greatest common divisor of 1776 and 30.
6
Calculate the highest common factor of 2 and 170.
2
Calculate the greatest common divisor of 2 and 11.
1
Calculate the highest common factor of 728 and 360.
8
Calculate the highest common factor of 34 and 23528.
34
What is the highest common factor of 134 and 4623?
67
Calculate the highest common divisor of 76 and 1.
1
Calculate the highest common divisor of 6 and 23082.
6
What is the greatest common factor of 6774 and 6?
6
What is the highest common factor of 188 and 282?
94
What is the greatest common factor of 120 and 116?
4
Calculate the highest common factor of 11169 and 146.
73
What is the greatest common factor of 70 and 14?
14
What is the highest common divisor of 472 and 8?
8
Calculate the highest common factor of 108 and 84.
12
Calculate the highest common divisor of 126 and 90.
18
Calculate the greatest common factor of 1158 and 6.
6
What is the greatest common divisor of 293 and 1?
1
What is the greatest common divisor of 112 and 35?
7
What is the highest common divisor of 1144 and 104?
104
Calculate the highest common divisor of 639 and 21.
3
Calculate the highest common factor of 567 and 315.
63
Calculate the greatest common divisor of 1972 and 12.
4
What is the highest common divisor of 770 and 590?
10
What is the greatest common divisor of 1991 and 187?
11
What is the greatest common factor of 1606 and 132?
22
What is the highest common factor of 8330 and 1715?
245
Calculate the highest common divisor of 126 and 174.
6
Calculate the highest common divisor of 6462 and 54.
18
Calculate the highest common divisor of 8 and 1.
1
Calculate the greatest common divisor of 2231 and 161.
23
Calculate the greatest common factor of 1270 and 25.
5
Calculate the highest common factor of 45 and 81.
9
What is the greatest common factor of 216 and 60?
12
What is the greatest common divisor of 7 and 10913?
7
What is the greatest common factor of 476 and 17?
17
Calculate the greatest common divisor of 8772 and 136.
68
What is the highest common divisor of 189 and 70?
7
Calculate the greatest common factor of 15 and 615.
15
What is the greatest common divisor of 17 and 17?
17
Calculate the highest common divisor of 85 and 95.
5
What is the greatest common divisor of 112 and 18004?
28
Calculate the highest common divisor of 55 and 1133.
11
What is the highest common divisor of 1517 and 962?
37
Calculate the greatest common factor of 112 and 112.
112
Calculate the highest common divisor of 56 and 448.
56
What is the greatest common divisor of 12389 and 13?
13
Calculate the highest common factor of 1551 and 705.
141
Calculate the highest common divisor of 1545 and 1957.
103
Calculate the greatest common divisor of 320 and 1088.
64
What is the greatest common divisor of 416 and 2336?
32
Calculate the greatest common divisor of 1104 and 690.
138
What is the highest common factor of 437 and 23?
23
What is the greatest common factor of 288 and 63?
9
Calculate the highest common factor of 42 and 574.
14
What is the highest common divisor of 343 and 98?
49
Calculate the highest common factor of 36 and 666.
18
What is the greatest common divisor of 4 and 7?
1
What is the highest common factor of 1884 and 24?
12
Calculate the greatest common divisor of 560 and 240.
80
What is the greatest common divisor of 671 and 61?
61
What is the highest common factor of 11 and 10681?
11
Calculate the highest common factor of 1404 and 108.
108
What is the greatest common divisor of 146 and 4?
2
Calculate the greatest common factor of 33 and 6.
3
Calculate the greatest common factor of 2303 and 98.
49
What is the highest common factor of 324 and 36?
36
What is the highest common divisor of 36 and 27?
9
What is the greatest common factor of 11 and 2?
1
Calculate the greatest common factor of 14847 and 294.
147
What is the highest common divisor of 60 and 1080?
60
Calculate the greatest common factor of 91 and 130.
13
Calculate the greatest common factor of 252 and 27.
9
What is the greatest common divisor of 4550 and 200?
50
Calculate the highest common divisor of 20 and 5.
5
What is the greatest common divisor of 603 and 268?
67
What is the greatest common divisor of 10348 and 78?
26
Calculate the greatest common divisor of 13393 and 681.
227
What is the greatest common divisor of 1785 and 240?
15
Calculate the greatest common divisor of 94 and 12079.
47
What is the greatest common divisor of 121 and 22?
11
Calculate the highest common divisor of 273 and 975.
39
What is the greatest common factor of 1551 and 33?
33
What is the highest common factor of 925 and 1295?
185
Calculate the greatest common divisor of 28061 and 11.
11
Calculate the highest common factor of 3624 and 24.
24
Calculate the greatest common divisor of 2 and 778.
2
Calculate the greatest common factor of 1080 and 240.
120
Calculate the greatest common divisor of 68 and 1139.
17
What is the greatest common factor of 7 and 287?
7
Calculate the highest common divisor of 2527 and 361.
361
What is the highest common divisor of 88 and 88?
88
Calculate the greatest common divisor of 392 and 441.
49
What is the highest common divisor of 60 and 4164?
12
What is the greatest common factor of 2916 and 36?
36
Calculate the greatest common divisor of 10 and 50.
10
Calculate the greatest common divisor of 81 and 621.
27
What 